{"id":287,"date":"2022-10-26T12:03:42","date_gmt":"2022-10-26T12:03:42","guid":{"rendered":"https:\/\/ga.lujan.gov.ar\/histor?page_id=287"},"modified":"2022-12-26T13:53:18","modified_gmt":"2022-12-26T13:53:18","slug":"efemerides-2","status":"publish","type":"page","link":"https:\/\/ga.lujan.gov.ar\/histor\/?page_id=287","title":{"rendered":"EFEMERIDES"},"content":{"rendered":"<!=========Events Timeline Template 2.4.2=========><div id=\"event-timeline-wrapper\" class=\"efemerides style-1\"><div class=\"cool-event-timeline\"><div class=\"ect-timeline-year\">\r\n\t\t\t\t\t\t<div class=\"year-placeholder\"><!-- Month \/ Year Headers --><span class='month-year-box'>Feb 2024<\/span><\/div>\r\n\t\t\t\t\t\t<\/div><div id=\"post-371\" class=\"ect-timeline-post even ect-simple-event style-1 all\"><div class=\"timeline-dots\"><\/div><div class=\"timeline-content even\"><div class=\"ect-timeline-header\"><a class=\"timeline-ev-img\" href=\"https:\/\/ga.lujan.gov.ar\/histor\/?tribe_events=prueba-efemeride-octubre-3\"><img src= \"https:\/\/ga.lujan.gov.ar\/histor\/wp-content\/uploads\/2022\/11\/unlu.jpg\"\/><\/a><\/div><div class=\"ect-timeline-main-content\"><div class=\"ect-timeline-date\"><div class=\"ect-date-area timeline-view-schedule\"><span class=\"ev-day\">20<\/span>\r\n\t\t\t\t\t\t\t\t\t<span class=\"ev-mo\">febrero<\/span>\r\n\t\t\t\t\t\t\t\t\t<\/div><\/div><h2 class=\"content-title\"><a class=\"ect-event-url\" href=\"https:\/\/ga.lujan.gov.ar\/histor\/?tribe_events=prueba-efemeride-octubre-3\" rel=\"bookmark\">20\/02\/1972 \u2013 Se crea por decreto ley la Universidad Nacional de Luj\u00e1n<\/a><\/h2><!-- Event Content --><div class=\"ect-event-content\"><p>20\/02\/1972 \u2013 Se crea por decreto ley la Universidad Nacional de Luj\u00e1n. Al a\u00f1o siguiente, el 1\u00b0 de septiembre de 1973, se dict\u00f3 la primera&hellip;<\/p>\n<\/div><\/div>      <div class=\"ect-lslist-event-detail\">\r\n\t        <a href=\"https:\/\/ga.lujan.gov.ar\/histor\/?tribe_events=prueba-efemeride-octubre-3\" title=\"20\/02\/1972 \u2013 Se crea por decreto ley la Universidad Nacional de Luj\u00e1n\" rel=\"bookmark\">Ver Mas<\/a>\r\n\t        <\/div><\/div><\/div><div class=\"ect-timeline-year\">\r\n\t\t\t\t\t\t<div class=\"year-placeholder\"><!-- Month \/ Year Headers --><span class='month-year-box'>Jun 2024<\/span><\/div>\r\n\t\t\t\t\t\t<\/div><div id=\"post-374\" class=\"ect-timeline-post odd ect-simple-event style-1 all\"><div class=\"timeline-dots\"><\/div><div class=\"timeline-content odd\"><div class=\"ect-timeline-header\"><a class=\"timeline-ev-img\" href=\"https:\/\/ga.lujan.gov.ar\/histor\/?tribe_events=prueba-efemeride-octubre-2-2\"><img src= \"https:\/\/ga.lujan.gov.ar\/histor\/wp-content\/uploads\/2022\/11\/papa-lujan-1024x597.jpg\"\/><\/a><\/div><div class=\"ect-timeline-main-content\"><div class=\"ect-timeline-date\"><div class=\"ect-date-area timeline-view-schedule\"><span class=\"ev-day\">11<\/span>\r\n\t\t\t\t\t\t\t\t\t<span class=\"ev-mo\">junio<\/span>\r\n\t\t\t\t\t\t\t\t\t<\/div><\/div><h2 class=\"content-title\"><a class=\"ect-event-url\" href=\"https:\/\/ga.lujan.gov.ar\/histor\/?tribe_events=prueba-efemeride-octubre-2-2\" rel=\"bookmark\">El 11 de junio de 1982 tuvo lugar la \u00fanica visita de un Papa a la Bas\u00edlica de Luj\u00e1n<\/a><\/h2><!-- Event Content --><div class=\"ect-event-content\"><p>11\/06\/1982 - El 11 de junio de 1982 tuvo lugar la \u00fanica visita de un Papa a la Bas\u00edlica de Luj\u00e1n, que incluy\u00f3 una peregrinaci\u00f3n&hellip;<\/p>\n<\/div><\/div>      <div class=\"ect-lslist-event-detail\">\r\n\t        <a href=\"https:\/\/ga.lujan.gov.ar\/histor\/?tribe_events=prueba-efemeride-octubre-2-2\" title=\"El 11 de junio de 1982 tuvo lugar la \u00fanica visita de un Papa a la Bas\u00edlica de Luj\u00e1n\" rel=\"bookmark\">Ver Mas<\/a>\r\n\t        <\/div><\/div><\/div><div id=\"post-344\" class=\"ect-timeline-post even ect-simple-event style-1 all\"><div class=\"timeline-dots\"><\/div><div class=\"timeline-content even\"><div class=\"ect-timeline-header\"><a class=\"timeline-ev-img\" href=\"https:\/\/ga.lujan.gov.ar\/histor\/?tribe_events=prueba-efemeride-octubre\"><img src= \"https:\/\/ga.lujan.gov.ar\/histor\/wp-content\/uploads\/2022\/11\/corpus-christi.jpg\"\/><\/a><\/div><div class=\"ect-timeline-main-content\"><div class=\"ect-timeline-date\"><div class=\"ect-date-area timeline-view-schedule\"><span class=\"ev-day\">15<\/span>\r\n\t\t\t\t\t\t\t\t\t<span class=\"ev-mo\">junio<\/span>\r\n\t\t\t\t\t\t\t\t\t<\/div><\/div><h2 class=\"content-title\"><a class=\"ect-event-url\" href=\"https:\/\/ga.lujan.gov.ar\/histor\/?tribe_events=prueba-efemeride-octubre\" rel=\"bookmark\">15\/06\/1536 Combate de Corpus Christi<\/a><\/h2><!-- Event Content --><div class=\"ect-event-content\"><p>Combate de Corpus Christi entre las tropas del adelantado Pedro de Mendoza y los ind\u00edgenas querand\u00edes. En la batalla muere el capit\u00e1n Pedro de Luj\u00e1n&hellip;<\/p>\n<\/div><\/div>      <div class=\"ect-lslist-event-detail\">\r\n\t        <a href=\"https:\/\/ga.lujan.gov.ar\/histor\/?tribe_events=prueba-efemeride-octubre\" title=\"15\/06\/1536 Combate de Corpus Christi\" rel=\"bookmark\">Ver Mas<\/a>\r\n\t        <\/div><\/div><\/div><div class=\"ect-timeline-year\">\r\n\t\t\t\t\t\t<div class=\"year-placeholder\"><!-- Month \/ Year Headers --><span class='month-year-box'>Oct 2024<\/span><\/div>\r\n\t\t\t\t\t\t<\/div><div id=\"post-367\" class=\"ect-timeline-post odd ect-simple-event style-1 all\"><div class=\"timeline-dots\"><\/div><div class=\"timeline-content odd\"><div class=\"ect-timeline-header\"><a class=\"timeline-ev-img\" href=\"https:\/\/ga.lujan.gov.ar\/histor\/?tribe_events=prueba-efemeride-octubre-2\"><img src= \"https:\/\/ga.lujan.gov.ar\/histor\/wp-content\/uploads\/2022\/11\/villa-lujan.jpg\"\/><\/a><\/div><div class=\"ect-timeline-main-content\"><div class=\"ect-timeline-date\"><div class=\"ect-date-area timeline-view-schedule\"><span class=\"ev-day\">17<\/span>\r\n\t\t\t\t\t\t\t\t\t<span class=\"ev-mo\">octubre<\/span>\r\n\t\t\t\t\t\t\t\t\t<\/div><\/div><h2 class=\"content-title\"><a class=\"ect-event-url\" href=\"https:\/\/ga.lujan.gov.ar\/histor\/?tribe_events=prueba-efemeride-octubre-2\" rel=\"bookmark\">17\/10\/1755 Se otorga al poblado el t\u00edtulo de Villa<\/a><\/h2><!-- Event Content --><div class=\"ect-event-content\"><p>17\/10\/1755 \u2013 Se otorga al poblado el t\u00edtulo de Villa de Nuestra Se\u00f1ora de Luj\u00e1n. Con antelaci\u00f3n, don Juan de Lezica y Torrezuri hab\u00eda presentado&hellip;<\/p>\n<\/div><\/div>      <div class=\"ect-lslist-event-detail\">\r\n\t        <a href=\"https:\/\/ga.lujan.gov.ar\/histor\/?tribe_events=prueba-efemeride-octubre-2\" title=\"17\/10\/1755 Se otorga al poblado el t\u00edtulo de Villa\" rel=\"bookmark\">Ver Mas<\/a>\r\n\t        <\/div><\/div><\/div><\/div><\/div>","protected":false},"excerpt":{"rendered":"","protected":false},"author":2,"featured_media":0,"parent":0,"menu_order":0,"comment_status":"closed","ping_status":"closed","template":"","meta":{"_EventAllDay":false,"_EventTimezone":"","_EventStartDate":"","_EventEndDate":"","_EventStartDateUTC":"","_EventEndDateUTC":"","_EventShowMap":false,"_EventShowMapLink":false,"_EventURL":"","_EventCost":"","_EventCostDescription":"","_EventCurrencySymbol":"","_EventCurrencyCode":"","_EventCurrencyPosition":"","_EventDateTimeSeparator":"","_EventTimeRangeSeparator":"","_EventOrganizerID":[],"_EventVenueID":0,"_OrganizerEmail":"","_OrganizerPhone":"","_OrganizerWebsite":"","_VenueAddress":"","_VenueCity":"","_VenueCountry":"","_VenueProvince":"","_VenueZip":"","_VenuePhone":"","_VenueURL":"","_VenueStateProvince":"","_VenueLat":"","_VenueLng":""},"_links":{"self":[{"href":"https:\/\/ga.lujan.gov.ar\/histor\/index.php?rest_route=\/wp\/v2\/pages\/287"}],"collection":[{"href":"https:\/\/ga.lujan.gov.ar\/histor\/index.php?rest_route=\/wp\/v2\/pages"}],"about":[{"href":"https:\/\/ga.lujan.gov.ar\/histor\/index.php?rest_route=\/wp\/v2\/types\/page"}],"author":[{"embeddable":true,"href":"https:\/\/ga.lujan.gov.ar\/histor\/index.php?rest_route=\/wp\/v2\/users\/2"}],"replies":[{"embeddable":true,"href":"https:\/\/ga.lujan.gov.ar\/histor\/index.php?rest_route=%2Fwp%2Fv2%2Fcomments&post=287"}],"version-history":[{"count":44,"href":"https:\/\/ga.lujan.gov.ar\/histor\/index.php?rest_route=\/wp\/v2\/pages\/287\/revisions"}],"predecessor-version":[{"id":391,"href":"https:\/\/ga.lujan.gov.ar\/histor\/index.php?rest_route=\/wp\/v2\/pages\/287\/revisions\/391"}],"wp:attachment":[{"href":"https:\/\/ga.lujan.gov.ar\/histor\/index.php?rest_route=%2Fwp%2Fv2%2Fmedia&parent=287"}],"curies":[{"name":"wp","href":"https:\/\/api.w.org\/{rel}","templated":true}]}}